 - 2*t - 5. Let c(y) = -y**3. Let o(v) = g*q(v) - 4*c(v). Determine o(l).
-5
Let r(q) = 17*q**3 - 9*q**2 - 2*q + 5. Let g(i) = 26*i**3 - 14*i**2 - 3*i + 8. Let b(s) = 5*g(s) - 8*r(s). Give b(-1).
7
Let u(l) be the first derivative of -13*l**6/360 - l**5/120 + l**4/24 + 2*l**3/3 - 4. Let d(i) be the third derivative of u(i). Determine d(1).
-13
Let p(y) = 2*y - 8. Let o(v) = 2*v - 9. Let q = 0 + 2. Let f(s) = q*o(s) - 3*p(s). Give f(6).
-6
Let p(g) be the first derivative of -4 + 4*g - 1/2*g**2. Give p(0).
4
Let x(b) be the first derivative of b**4/4 - 3*b + 10. Determine x(0).
-3
Let t = 18 + -5. Let h(g) = -12*g**2 - 2*g + 5. Let o(w) = 24*w**2 + 4*w - 11. Let n(z) = t*h(z) + 6*o(z). Determine n(-1).
-11
Let p(u) = 22 + u - 14 - 2*u - 6. Calculate p(-3).
5
Let r be (-8)/(-6) - 32/(-48). Let q(a) = 0 + 6 - 4 - 6*a. Determine q(r).
-10
Let f be (-1)/2*(-1 - 3). Let m(u) = u**3 + 8*u**2 + 9*u + 15. Let s be m(-7). Let q(i) = -i**2 + s + 3*i + 5 + 3*i + f. Give q(6).
8
Let j(q) be the third derivative of -q**6/720 + q**5/30 + q**4/24 - 4*q**2. Let d(o) be the second derivative of j(o). Give d(5).
-1
Let r(q) = -q - 1. Let o be 0/5*(-2)/(-4). Suppose 6 = -z - o*z. Determine r(z).
5
Let g(i) = -i**2 - 14*i - 28. Let k be g(-11). Let c(m) = m**3 - 6*m**2 + 7*m - 7. Determine c(k).
3
Let f(s) = s**3 + s**2 - s + 6. Let h be f(0). Let v(l) = -l**2 + 11*l + 6. Let n(b) = -b**2 + 10*b + 5. Let y(t) = -4*n(t) + 3*v(t). Determine y(h).
-8
Suppose -2*n + 4 = 2. Suppose 2*i = -2*i + 2*x + 4, 2*x = -i + n. Let m(v) = 5*v**2 - 2*v + 1. Calculate m(i).
4
Let y(n) be the second derivative of -n**3/6 + 5*n**2 + n. Let l(a) be the first derivative of a**3/3 + 2*a**2 - 1. Let h be l(-5). What is y(h)?
5
Let u(b) = -b**3 - 10*b**2 + 4*b + 7. Let w(y) = -y**2 - y. Let r(v) = -u(v) + 6*w(v). What is r(-6)?
-19
Let a(k) = -k**2 + k. Let v be a(-2). Let f(q) be the third derivative of -q**6/120 - q**5/10 - q**3/2 + 6*q**2. Give f(v).
-3
Let a(d) = -d**2 + d. Let l(o) = -o**3 - 7*o**2 + 8*o - 2. Let w be l(-8). Let r = -1 + 0. Let f = r - w. Determine a(f).
0
Let p(v) be the first derivative of -1/4*v**4 + v - 1 - 2*v**3 - 3/2*v**2. Let a(t) = 6*t + 1. Let h be a(-1). Give p(h).
-9
Let b = -95 + 101. Let r(p) = p**2 - 10*p + 4. Determine r(b).
-20
Suppose 2*z + x + 2 = 0, -3*z + 2*x + x = 21. Let i(q) = 7*q + 4. Give i(z).
-17
Let u(a) = 2 + 6*a + 0*a**2 - 2*a - 2*a + a**2. Let m be u(0). Let w(q) = -4*q**3 + 5*q**2 + 5 - 4*q + 3*q**3 - 3. Determine w(m).
6
Let z(u) = -4*u**2 + 2*u**2 + 3*u**2. Suppose -4*f = 3*s + 10 - 2, -3*f - 4*s - 13 = 0. Give z(f).
1
Let f(r) = -r. Let w(t) = -2*t + 4. Let o(l) = 3*f(l) - w(l). Calculate o(3).
-7
Let w(a) = 17*a - 7. Let t(o) = -o**2 + 4*o. Let r be t(5). Let z(l) = -8*l + 3. Let v(n) = r*z(n) - 2*w(n). Let i(p) = p. Let c be i(1). Give v(c).
5
Let p = -15 - -10. Let a(b) = -7*b**2 - 7*b - 12. Let o(q) = 11*q**2 + 10*q + 18. Let v(i) = 8*a(i) + 5*o(i). Give v(p).
-1
Let u = 5 + 9. Let h = -9 + u. Let d(w) = -3*w + w + 2*w - 2*w + 6. Calculate d(h).
-4
Let d(w) = w**2 + 8*w + 2. Let g be 5 + (-82)/6 + 2/(-6). Give d(g).
11
Let s(f) = 9*f**2 - 1. Let k be 1*-1 + 7 + -7. What is s(k)?
8
Let k(b) = -b**3 + 6*b**2 - b + 6. Let p be k(6). Suppose -3*r + 0*r = p. Let m(q) = -3*q**3 + r*q**3 - 3*q**3 + 3*q**2 + 5*q**3. Calculate m(2).
4
Let b(n) = n**3 - 4*n**2 + 2*n - 4. Let g = 61 + -58. Determine b(g).
-7
Let y(l) = -2*l**3 + 2*l**2 - l**2 - l + 0*l**3. Determine y(1).
-2
Let a(y) be the second derivative of -y**5/20 + 5*y**4/12 - y**3 + y**2/2 + 3*y. What is a(4)?
-7
Let i(p) = 3*p - 3. Let v be (-6)/27 + 38/9. Determine i(v).
9
Let d(f) be the second derivative of f**3/6 - 3*f**2 - 2*f - 12. What is d(0)?
-6
Let k(a) = -a + 12. Let l = 18 - 12. Give k(l).
6
Suppose 15*i - 12*i = 18. Let g(f) = -f**2 + 6*f + 5. What is g(i)?
5
Let y(i) = 3*i + 7. Let o(p) = -8*p - 20. Suppose -x = 4*m + 24, 32 = -3*x + 2*m - 6*m. Let n(w) = x*o(w) - 11*y(w). Let v = -11 - -8. Determine n(v).
6
Let b(p) = 3 + 96*p**2 + p**3 + 2*p + 2*p - 92*p**2 + 0*p. Let z = 0 - 3. Determine b(z).
0
Let a(t) = -t**2 - 8*t + 3. Let o be (-1)/(-5) + 1104/(-120). Calculate a(o).
-6
Let t(h) = 2*h**3 + 7*h**2 + 8*h + 2. Let o(r) = -r**3 - 6*r**2 - 8*r - 3. Let z(u) = 3*o(u) + 2*t(u). Calculate z(6).
19
Suppose -3*v + 11 = -4*g - 1, -50 = 5*g + 5*v. Let k(j) be the third derivative of -j**5/60 - j**4/4 + j**3 - 2*j**2. Calculate k(g).
6
Let z(v) = 15*v + 1. Let s be ((-4)/(-6))/((-8)/12). What is z(s)?
-14
Let f(h) = 2*h - 1. Let z(a) = -a**3 - 9*a**2 - 8*a + 5. Let s be z(-8). Let m = -3 + s. Determine f(m).
3
Let h(b) = -5*b**2 + 0 + 2 - 3*b - 2 - b**3 + 1. What is h(-3)?
-8
Suppose b = -3*b - k + 10, -5*k = 10. Let m(q) be the first derivative of -2*q + 1/2*q**2 - 1. Calculate m(b).
1
Suppose -24*q + 4 = -22*q. Let t(o) = o**3 + 3*o**2 - 2*o + 1. Determine t(q).
17
Let y(l) = l - 5. Let t be y(11). Let i(g) = 2*g - g**2 - 2*g + t*g + 4 + 2. Give i(6).
6
Let y(a) be the second derivative of 2*a**3/3 - 3*a**2/2 + 7*a. What is y(2)?
5
Let y(r) = r**3 - 18*r**2 + r - 13. Let v be y(18). Let c(u) = u**2 - 6*u + 3. What is c(v)?
-2
Suppose -3*b - 12 = -3. Let v(j) = j**2 + 2*j - 2. What is v(b)?
1
Suppose 1 = 2*r - v - 14, -19 = -3*r + 5*v. Let y(d) = -d - 1. What is y(r)?
-9
Let r(u) = -2*u + 2. Suppose -t - 3 = 3*h + 1, -4*t = 5*h + 2. Let b = 1 + t. What is r(b)?
-4
Let w = 11 - 13. Let j(z) = -z**3 - 2*z - 1. Determine j(w).
11
Let f(n) = n**2 - 2*n. Let y(q) = q**3 - 3*q**2 + q + 4. Let z be y(2). Calculate f(z).
0
Suppose 4*h = -20, h - 3 = 4*t - 20. Let y(x) = -x - 1. Give y(t).
-4
Suppose -w + 6 = 4*m - m, 4*w - 3*m + 6 = 0. Let g be 3 + w - 1/1. Let h(z) = -z**g - 5*z**2 - 5 - 4*z**3 - 5*z + 3*z**3. What is h(-5)?
-5
Let l(a) be the first derivative of a**6/360 + a**5/60 - a**4/12 + a**3 - 5. Let r(f) be the third derivative of l(f). What is r(-4)?
6
Let r(n) be the first derivative of n**3/3 - 3*n**2 - 2*n + 1. Let j be -6*((-6)/(-12))/(3/(-6)). What is r(j)?
-2
Let g(t) = 5*t**3 + 10*t**2 - 10*t + 2. Let h(p) = 4*p**3 + 9*p**2 - 9*p + 3. Let k(c) = 3*g(c) - 4*h(c). Determine k(-7).
1
Let q be (-65)/(-15) + (-2)/(-3). Suppose 21 + 4 = -q*b. Let l(a) be the third derivative of -a**6/120 - a**5/10 - a**4/6 + a**3/6 - a**2. Determine l(b).
-4
Let x(g) = -1 - 1 + 0*g**3 + 3*g**2 - g**3. Let t be x(3). Let k(u) = -4*u + 5. Let h(z) = -12*z + 14. Let f(s) = -4*h(s) + 11*k(s). Give f(t).
-9
Let s(b) = b**2 + 6*b - 2. Let v = -15 - -9. Let h be 5/(15/v) - -5. Suppose -2*a - 3*a = h*j + 20, 2*a = -2*j - 12. What is s(j)?
-7
Let y(c) = c**2 - 12*c + 30 - 22 + 4*c. Determine y(7).
1
Let k(z) = -6*z**2 - 6*z - 8. Let g(p) = 7*p**2 + 6*p + 8. Let l(o) = 5*g(o) + 6*k(o). Give l(-6).
-8
Let f(y) be the second derivative of -y**3/6 - 3*y**2/2 - 40*y. Calculate f(0).
-3
Let c(l) = l - 14. Suppose -3*d + y = 2*d - 34, -d + 5 = -2*y. Determine c(d).
-7
Let p(i) = -i**3 - 10*i**2 - 2*i - 24. Let t be p(-10). Let d(c) = 3*c - 8. Let f(y) = y. Let o(x) = d(x) - 4*f(x). Determine o(t).
-4
Let s(z) = -z**2 - 2*z + 1. Let a be s(-2). Let c(n) = -4*n**3 + 1. What is c(a)?
-3
Let l(w) = w**2 + 8*w + 7. Let i = -18 - -10. Let o = 6 + i. Let m be (-6)/(-2)*-1 + o. Calculate l(m).
-8
Let l = -37 + 56. Let w = l + -13. Let g(f) = f**2 - 6*f - 5. Calculate g(w).
-5
Let t be 2/(-8) + (-63)/(-12). Let h = -7 - -14. Let m(z) = -8 + z**3 + 2 + z**2 - h*z**2 + 7*z. Determine m(t).
4
Let j(t) = -t**3 - 4*t**2 - 4*t - 2. Let d(n) = -n**3 - 6*n**2 - 3*n - 2. Let p be d(-6). Let l = -18 + p. Determine j(l).
-2
Let w(i) = -i**3 + 7*i**2 - 4*i - 4. Let h be ((-6)/7 - 0)/((-40)/280). Calculate w(h).
8
Let s(k) be the first derivative of k**4/4 + 4*k**3/3 + 2*k**2 - k + 15. Calculate s(-3).
-4
Let y(n) = -n**3 - 6*n**2 + 3*n + 9. Let t(c) = -c - 4. Let o be t(2). Calculate y(o).
-9
Let i(u) = 2*u - u**3 - 268 + 267 - u. Give i(0).
-1
Let o(f) = 2*f**2 + 5*f + 4. Suppose -6 - 6 = -3*t. Suppose -2 - t = -a. Suppose 3*x + 3 = -a. Give o(x).
7
Suppose -2*m - 6 = -0*m. Let l(n) = -5*n**2 - 3*n + 3. Let h(t) = -9*t**2 - 5*t + 6. Let v(x) = -6*h(x) + 11*l(x). What is v(m)?
-3
Let w(h) = h + 10. Let x be w(-6). Let g(c) = -4*c + 6*c + x - 3*c + 3. What is g(3)?
4
Let x(k) be the second derivative of -k**5/60 + k